{"id":727,"date":"2025-07-22T14:11:39","date_gmt":"2025-07-22T14:11:39","guid":{"rendered":"https:\/\/transparencia.unajma.edu.pe\/?page_id=727"},"modified":"2025-07-22T16:38:01","modified_gmt":"2025-07-22T16:38:01","slug":"malla-curricular","status":"publish","type":"page","link":"https:\/\/transparencia.unajma.edu.pe\/?page_id=727","title":{"rendered":"MALLA CURRICULAR"},"content":{"rendered":"\t\t<div data-elementor-type=\"wp-page\" data-elementor-id=\"727\" class=\"elementor elementor-727\">\n\t\t\t\t\t\t\t\t\t<section class=\"elementor-section elementor-top-section elementor-element elementor-element-3708263f elementor-section-boxed elementor-section-height-default elementor-section-height-default\" data-id=\"3708263f\" data-element_type=\"section\">\n\t\t\t\t\t\t<div class=\"elementor-container elementor-column-gap-default\">\n\t\t\t\t\t<div class=\"elementor-column elementor-col-100 elementor-top-column elementor-element elementor-element-79842bf5\" data-id=\"79842bf5\" data-element_type=\"column\">\n\t\t\t<div class=\"elementor-widget-wrap elementor-element-populated\">\n\t\t\t\t\t\t\t\t<div class=\"elementor-element elementor-element-78065dc9 elementor-widget elementor-widget-text-editor\" data-id=\"78065dc9\" data-element_type=\"widget\" data-widget_type=\"text-editor.default\">\n\t\t\t\t<div class=\"elementor-widget-container\">\n\t\t\t<style>\/*! elementor - v3.6.2 - 04-04-2022 *\/\n.elementor-widget-text-editor.elementor-drop-cap-view-stacked .elementor-drop-cap{background-color:#818a91;color:#fff}.elementor-widget-text-editor.elementor-drop-cap-view-framed .elementor-drop-cap{color:#818a91;border:3px solid;background-color:transparent}.elementor-widget-text-editor:not(.elementor-drop-cap-view-default) .elementor-drop-cap{margin-top:8px}.elementor-widget-text-editor:not(.elementor-drop-cap-view-default) .elementor-drop-cap-letter{width:1em;height:1em}.elementor-widget-text-editor .elementor-drop-cap{float:left;text-align:center;line-height:1;font-size:50px}.elementor-widget-text-editor .elementor-drop-cap-letter{display:inline-block}<\/style>\t\t\t\t<h6><span style=\"color: #000000;\">FACULTAD<strong> DE INGENIER\u00cdA<\/strong><\/span><\/h6><ul><li><a href=\"https:\/\/epia.unajma.edu.pe\/archivos\/malla-curricular\/malla-curricular-epia.pdf\">ESCUELA PROFESIONAL DE INGENIER\u00cdA AGROINDUSTRIAL<\/a><\/li><li><a href=\"https:\/\/epis.unajma.edu.pe\/archivos\/plan-estudios\/plan-estudio-epis.pdf\">ESCUELA PROFESIONAL DE INGENIER\u00cdA DE SISTEMAS<\/a><\/li><li><a href=\"https:\/\/epiam.unajma.edu.pe\/archivos\/malla-curricular\/malla-curricular-epiam.pdf\">ESCUELA PROFESIONAL DE INGENIER\u00cdA AMBIENTAL<\/a><\/li><li><a href=\"http:\/\/unajma.edu.pe\/wp-content\/uploads\/2025\/07\/malla-curricular-epic.pdf\">ESCUELA PROFESIONAL DE INGENIER\u00cdA CIVIL<\/a><\/li><li>ESCUELA PROFESIONAL DE MATEM\u00c1TICAS Y ESTAD\u00cdSTICA<\/li><\/ul><h6><b>FACULTAD DE CIENCIAS DE LA EMPRESA<\/b><\/h6><ul><li><a href=\"https:\/\/epae.unajma.edu.pe\/wp-content\/uploads\/2025\/06\/17.-Resolucion-N%C2%B0-071-Aprobacion-de-diseno-curricular-de-EPAE-vigencia-a-partir-del-ano-lectivo-2022-1-57.pdf\">ESCUELA PROFESIONAL DE ADMINISTRACI\u00d3N DE EMPRESAS<\/a><\/li><li>ESCUELA PROFESIONAL DE CONTABILIDAD<\/li><li><a href=\"http:\/\/unajma.edu.pe\/wp-content\/uploads\/2025\/07\/malla-curricular-epepi.pdf\" target=\"_blank\" rel=\"noopener\">ESCUELA PROFESIONAL DE EDUCACI\u00d3N PRIMARIA INTERCULTURAL<\/a><\/li><li>ESCUELA PROFESIONAL DE ENFERMER\u00cdA<\/li><li>ESCUELA PROFESIONAL DE PSICOLOG\u00cdA<\/li><\/ul>\t\t\t\t\t\t<\/div>\n\t\t\t\t<\/div>\n\t\t\t\t\t<\/div>\n\t\t<\/div>\n\t\t\t\t\t\t\t<\/div>\n\t\t<\/section>\n\t\t\t\t\t\t\t<\/div>\n\t\t","protected":false},"excerpt":{"rendered":"<p>FACULTAD DE INGENIER\u00cdA ESCUELA PROFESIONAL DE INGENIER\u00cdA AGROINDUSTRIAL ESCUELA PROFESIONAL DE INGENIER\u00cdA DE SISTEMAS ESCUELA PROFESIONAL DE INGENIER\u00cdA AMBIENTAL ESCUELA PROFESIONAL DE INGENIER\u00cdA CIVIL ESCUELA PROFESIONAL DE MATEM\u00c1TICAS Y ESTAD\u00cdSTICA FACULTAD DE CIENCIAS DE LA EMPRESA ESCUELA PROFESIONAL DE ADMINISTRACI\u00d3N DE EMPRESAS ESCUELA PROFESIONAL DE CONTABILIDAD ESCUELA PROFESIONAL DE EDUCACI\u00d3N PRIMARIA INTERCULTURAL ESCUELA PROFESIONAL DE [&hellip;]<\/p>\n","protected":false},"author":1,"featured_media":0,"parent":0,"menu_order":0,"comment_status":"closed","ping_status":"closed","template":"","meta":{"footnotes":""},"class_list":["post-727","page","type-page","status-publish","hentry","post"],"_links":{"self":[{"href":"https:\/\/transparencia.unajma.edu.pe\/index.php?rest_route=\/wp\/v2\/pages\/727","targetHints":{"allow":["GET"]}}],"collection":[{"href":"https:\/\/transparencia.unajma.edu.pe\/index.php?rest_route=\/wp\/v2\/pages"}],"about":[{"href":"https:\/\/transparencia.unajma.edu.pe\/index.php?rest_route=\/wp\/v2\/types\/page"}],"author":[{"embeddable":true,"href":"https:\/\/transparencia.unajma.edu.pe\/index.php?rest_route=\/wp\/v2\/users\/1"}],"replies":[{"embeddable":true,"href":"https:\/\/transparencia.unajma.edu.pe\/index.php?rest_route=%2Fwp%2Fv2%2Fcomments&post=727"}],"version-history":[{"count":22,"href":"https:\/\/transparencia.unajma.edu.pe\/index.php?rest_route=\/wp\/v2\/pages\/727\/revisions"}],"predecessor-version":[{"id":758,"href":"https:\/\/transparencia.unajma.edu.pe\/index.php?rest_route=\/wp\/v2\/pages\/727\/revisions\/758"}],"wp:attachment":[{"href":"https:\/\/transparencia.unajma.edu.pe\/index.php?rest_route=%2Fwp%2Fv2%2Fmedia&parent=727"}],"curies":[{"name":"wp","href":"https:\/\/api.w.org\/{rel}","templated":true}]}}